 798907 prime?
False
Is 928453 prime?
True
Is 3170843 a composite number?
True
Is 2127 prime?
False
Is 20777 a prime number?
False
Is 98297 a composite number?
False
Is 202309 a composite number?
False
Is 3637 a composite number?
False
Is 3359 prime?
True
Is 223 a composite number?
False
Is 266333 a prime number?
True
Is 1897361 prime?
True
Is 111851 a composite number?
True
Is 67843 composite?
False
Is 4783 composite?
False
Is 571 a prime number?
True
Is 112321 a prime number?
False
Is 25703 a prime number?
True
Is 58633 prime?
False
Is 19733 a prime number?
False
Is 22679 composite?
False
Is 5710645 prime?
False
Is 2755853 a composite number?
True
Is 929 a composite number?
False
Is 36031 a composite number?
True
Is 6559 a composite number?
True
Is 1200997 a prime number?
False
Is 2605 a composite number?
True
Is 15811 a prime number?
False
Is 865493 prime?
True
Is 30341 prime?
True
Is 118 composite?
True
Is 743891 prime?
True
Is 12057 a composite number?
True
Is 16741 composite?
False
Is 7417 a composite number?
False
Is 36991 a composite number?
True
Is 737 a prime number?
False
Is 47723 a composite number?
True
Is 4751 composite?
False
Is 2416571 prime?
False
Is 947 a composite number?
False
Is 1229 a prime number?
True
Is 10102 a prime number?
False
Is 11719 a prime number?
True
Is 23687 prime?
True
Is 129113 a prime number?
True
Is 99001 composite?
True
Is 8749 a composite number?
True
Is 120143 prime?
False
Is 7079 prime?
True
Is 85931 a prime number?
True
Is 12115 a prime number?
False
Is 681781 a composite number?
False
Is 2203 prime?
True
Is 157901 a composite number?
False
Is 66083 composite?
False
Is 88421 prime?
False
Is 23269 prime?
True
Is 101257 composite?
True
Is 2430251 prime?
True
Is 4867 prime?
False
Is 87263 prime?
False
Is 14545 prime?
False
Is 744659 composite?
False
Is 117743 a prime number?
False
Is 3103403 prime?
False
Is 65411 a composite number?
True
Is 319331 prime?
False
Is 77011 a prime number?
False
Is 1543 a prime number?
True
Is 78971 composite?
True
Is 553769 composite?
False
Is 9479 a composite number?
False
Is 82549 composite?
False
Is 59999 a composite number?
False
Is 196709 prime?
True
Is 255313 prime?
True
Is 47737 prime?
True
Is 3401 prime?
False
Is 10559 prime?
True
Is 630809 a prime number?
False
Is 932131 a prime number?
True
Is 66919 prime?
True
Is 299787 a prime number?
False
Is 516449 composite?
False
Is 4843 a composite number?
True
Is 8263 composite?
False
Is 461437 composite?
False
Is 622131 prime?
False
Is 369623 a prime number?
False
Is 108863 a prime number?
True
Is 26879 a composite number?
False
Is 77699 a composite number?
False
Is 22233 composite?
True
Is 9979 composite?
True
Is 6841 composite?
False
Is 1832629 composite?
False
Is 287791 a prime number?
False
Is 14879 a composite number?
False
Is 15101 a prime number?
True
Is 13346 a composite number?
True
Is 44335 a composite number?
True
Is 9199 a composite number?
False
Is 48563 composite?
False
Is 1448659 composite?
False
Is 7357 composite?
True
Is 66127 a prime number?
False
Is 1499 a prime number?
True
Is 42909 prime?
False
Is 35669 a composite number?
True
Is 82021 a composite number?
False
Is 1934897 a prime number?
True
Is 7993 a composite number?
False
Is 9731 a prime number?
False
Is 975869 prime?
True
Is 78691 prime?
True
Is 936053 prime?
True
Is 66337 composite?
False
Is 3041 a prime number?
True
Is 533042 prime?
False
Is 1293 a composite number?
True
Is 19219 composite?
False
Is 737515 a prime number?
False
Is 4621 a composite number?
False
Is 434191 composite?
False
Is 11365 a composite number?
True
Is 4547 a prime number?
True
Is 1179021 prime?
False
Is 4643 a prime number?
True
Is 87869 a composite number?
False
Is 163397 a composite number?
True
Is 5755 prime?
False
Is 349441 a composite number?
True
Is 41539 composite?
False
Is 162517 composite?
False
Is 18617 prime?
True
Is 1067 a composite number?
True
Is 1194959 a composite number?
False
Is 375631 a composite number?
False
Is 81899 a prime number?
True
Is 8563 a composite number?
False
Is 556649 prime?
False
Is 16143 a prime number?
False
Is 193201 a composite number?
False
Is 124121 a prime number?
True
Is 104063 prime?
False
Is 306101 a composite number?
True
Is 36247 a prime number?
False
Is 94403 composite?
True
Is 73171 composite?
True
Is 215239 a prime number?
True
Is 144479 prime?
True
Is 8191 composite?
False
Is 890303 a composite number?
False
Is 1115 a composite number?
True
Is 12637 prime?
True
Is 16183 a prime number?
True
Is 7249 a prime number?
False
Is 118577 prime?
False
Is 343997 composite?
False
Is 20849 composite?
False
Is 6459 a composite number?
True
Is 159101 composite?
True
Is 33403 prime?
True
Is 140117 a composite number?
True
Is 5839 a composite number?
False
Is 104905 a composite number?
True
Is 1988471 composite?
False
Is 30971 composite?
False
Is 63731 a composite number?
True
Is 65811 composite?
True
Is 39079 a composite number?
False
Is 10063 a prime number?
False
Is 41999 prime?
True
Is 2425343 a prime number?
False
Is 33547 a prime number?
True
Is 7297 composite?
False
Is 9518 a prime number?
False
Is 17369 prime?
False
Is 7001 prime?
True
Is 553217 a prime number?
False
Is 7831 a prime number?
False
Is 22535 composite?
True
Is 40601 a composite number?
True
Is 721013 composite?
False
Is 86689 a prime number?
True
Is 2267701 prime?
True
Is 163673 a prime number?
True
Is 108359 composite?
False
Is 12895 composite?
True
Is 51097 a composite number?
True
Is 66841 composite?
False
Is 3607 composite?
False
Is 23977 a composite number?
False
Is 18919 a composite number?
False
Is 1985 a composite number?
True
Is 10041 a prime number?
False
Is 28639 prime?
False
Is 734063 a prime number?
False
Is 37747 prime?
True
Is 95461 composite?
False
Is 27949 a prime number?
False
Is 3976913 composite?
False
Is 379 prime?
True
Is 18839 a prime number?
True
Is 10897 a composite number?
True
Is 31991 composite?
False
Is 35251 composite?
False
Is 135537 composite?
True
Is 28058 prime?
False
Is 191579 a prime number?
True
Is 20707 prime?
True
Is 399871 a prime number?
True
Is 48337 prime?
True
Is 32869 prime?
True
Is 132491 a prime number?
True
Is 110623 prime?
True
Is 38393 a composite number?
False
Is 106459 composite?
True
Is 91451 a composite number?
True
Is 755689 a composite number?
True
Is 1187 prime?
True
Is 53855 composite?
True
Is 4327 a prime number?
True
Is 2041 a prime number?
False
Is 13341 prime?
False
Is 2191 composite?
True
Is 12587 a prime number?
False
Is 185939 a prime number?
False
Is 469613 a composite number?
False
Is 4783 a prime number?
True
Is 272185 a composite number?
True
Is 2841263 a prime number?
False
Is 233 a prime number?
True
Is 3833 prime?
True
Is 1634163 a composite number?
True
Is 523261 a composite number?
False
Is 12251 a prime number?
True
Is 38821 composite?
False
Is 347 a composite number?
False
Is 5077 a composite number?
False
Is 1367 prime?
True
Is 65971 a prime number?
False
Is 484039 a composite number?
True
Is 352297 prime?
False
Is 327 composite?
True
Is 1357 prime?
False
Is 184201 a prime number?
False
Is 2099179 a composite number?
False
Is 2961433 a composite number?
False
Is 1543 a composite number?
False
Is 11485 composite?
True
Is 712165 a prime number?
False
Is 61301 composite?
True
Is 24581 a composite number?
True
Is 122597 composite?
False
Is 39581 a composite number?
False
Is 3491 prime?
True
Is 3937567 a prime number?
True
Is 11393 a composite number?
False
Is 423779 a composite number?
False
Is 33451 composite?
True
Is 170803 prime?
False
Is 38195 a prime number?
False
Is 173929 composite?
True
Is 128342 prime?
False
Is 41729 a composite number?
False
Is 717718 prime?
False
Is 7499 a composite number?
False
Is 149 prime?
True
Is 515569 a prime number?
False
Is 88823 composite?
True
Is 9587 a composite number?
False
Is 9901 a composite number?
False
Is 2819 a composite number?
False
Is 49151 a composite number?
True
Is 32311 a composite number?
True
Is 20201 a composite number?
False
Is 24967 a prime number?
True
Is 4397 composite?
False
Is 26603 a composite number?
True
Is 1711181 prime?
True
Is 298495 prime?
False
Is 2989867 a composite number?
True
Is 14206 a composite number?
True
Is 